{"id":47,"date":"2015-04-08T19:16:55","date_gmt":"2015-04-08T19:16:55","guid":{"rendered":"http:\/\/baumer-sexualberatung.de\/?page_id=47"},"modified":"2021-03-07T14:32:19","modified_gmt":"2021-03-07T14:32:19","slug":"kosten","status":"publish","type":"page","link":"https:\/\/baumer-paarberatung.de\/?page_id=47","title":{"rendered":"Preise\/Angebote"},"content":{"rendered":"\n<div class=\"wp-block-group\"><div class=\"wp-block-group__inner-container is-layout-flow wp-block-group-is-layout-flow\">\n<div class=\"wp-block-image is-style-rounded\"><figure class=\"aligncenter size-medium\"><a href=\"https:\/\/baumer-paarberatung.de\/wp-content\/uploads\/2021\/02\/agenda-2295709_1280.jpg\"><img loading=\"lazy\" decoding=\"async\" width=\"300\" height=\"200\" src=\"https:\/\/baumer-paarberatung.de\/wp-content\/uploads\/2021\/02\/agenda-2295709_1280-300x200.jpg\" alt=\"\" class=\"wp-image-1015\" srcset=\"https:\/\/baumer-paarberatung.de\/wp-content\/uploads\/2021\/02\/agenda-2295709_1280-300x200.jpg 300w, https:\/\/baumer-paarberatung.de\/wp-content\/uploads\/2021\/02\/agenda-2295709_1280-1024x682.jpg 1024w, https:\/\/baumer-paarberatung.de\/wp-content\/uploads\/2021\/02\/agenda-2295709_1280-768x512.jpg 768w, https:\/\/baumer-paarberatung.de\/wp-content\/uploads\/2021\/02\/agenda-2295709_1280-624x416.jpg 624w, https:\/\/baumer-paarberatung.de\/wp-content\/uploads\/2021\/02\/agenda-2295709_1280.jpg 1280w\" sizes=\"auto, (max-width: 300px) 100vw, 300px\" \/><\/a><\/figure><\/div>\n\n\n\n<p><strong><br><br>Einzelberatung:<br><\/strong>60 Minuten \/ 70 Euro<br>90 Minuten \/ 100 Euro<\/p>\n\n\n\n<p><strong>Paarberatung:<br><\/strong>60 Minuten \/ 80 Euro<strong><br><\/strong>90 Minuten \/ 110 Euro<br><br>Die erste Sitzung kostet f\u00fcr Paare 80 Euro\/ 90 Minuten. Sie dient dem Kennenlernen, Abgleichen von W\u00fcnschen, Arbeitsmethoden und Zielsetzungen. <br>Oftmals dauern die Sitzungen vor allem am Anfang 75-90 Minuten.<\/p>\n\n\n\n<p>Bitte bringen Sie den jeweiligen Betrag <strong>bar<\/strong> zur ersten Beratung mit.&nbsp;Bezahlung per Rechnung und Vorab\u00fcberweisungen sind nach Absprache auch m\u00f6glich.<br>Falls Sie einen Termin<strong> nicht wahrnehmen<\/strong> k\u00f6nnen, so sagen Sie diesen bitte 24 Stunden vorher ab. F\u00fcr kurzfristiger abgesagte oder nicht wahrgenommene Termine berechne ich 50 Euro.<\/p>\n\n\n\n<p class=\"has-blue-color has-text-color\">&#8222;<strong>Paketbuchung<\/strong>&#8222;<\/p>\n\n\n\n<p class=\"has-dark-gray-color has-text-color\">Nach der Erstsitzung verpflichten sich die Partner gegenseitig, w\u00e4hrend eines Vierteljahres ihrer Beziehung eine sehr hohe Priorit\u00e4t einzur\u00e4umen. Sie geben sich gegenseitig den Raum, in dieser Zeit keine Entscheidungen zu treffen, sondern in den gemeinsamen Paarsitzungen hilfreiche Ver\u00e4nderungen zu fokussieren. Hierdurch wird ein gemeinsamer Paarraum geschaffen, der M\u00f6glichkeiten \u00f6ffnet, um intensiv und sicher zu arbeiten. Die Termine werden im Voraus festgelegt und bezahlt.<br>Paket: 5 Sitzungen \u00e0 90 Minuten \/ 520 Euro<\/p>\n\n\n\n<p class=\"has-vivid-red-color has-text-color\"><strong>&#8222;Notfallpaket<\/strong>&#8222;<\/p>\n\n\n\n<p class=\"has-dark-gray-color has-text-color\">Bei sehr belastenden Ereignissen, was z. B. ein Seitensprung oder das Ende einer Partnerschaft&nbsp;oft&nbsp;darstellt, biete ich Sondertarife und feste Telefonzeiten an, damit Betroffene&nbsp;einen &#8222;sicheren Hafen&#8220; haben, der Schutz, Ruhe und Hilfe erm\u00f6glicht, bevor sich Teufelskreise etablieren und Verletzungen entstehen, die kaum noch vergessen werden k\u00f6nnen. In diesen verl\u00e4sslichen Beratungszeiten kann Stabilisierung und Trost stattfinden, um irgendwann wieder das Licht am Ende des Tunnels sehen zu k\u00f6nnen.<br>Dauer: 1-3 Monate<br>Feste pers\u00f6nliche Beratungstermine pro Woche + telefonische Begleitung  30-45 Minuten (auch am sp\u00e4ten Abend)<br><\/p>\n\n\n\n<div class=\"wp-block-image\"><figure class=\"aligncenter is-resized\"><img loading=\"lazy\" decoding=\"async\" src=\"http:\/\/baumer-paarberatung.de\/wp-content\/uploads\/2019\/11\/Notfall-1.jpg\" alt=\"\" class=\"wp-image-569\" width=\"292\" height=\"194\" srcset=\"https:\/\/baumer-paarberatung.de\/wp-content\/uploads\/2019\/11\/Notfall-1.jpg 720w, https:\/\/baumer-paarberatung.de\/wp-content\/uploads\/2019\/11\/Notfall-1-300x200.jpg 300w, https:\/\/baumer-paarberatung.de\/wp-content\/uploads\/2019\/11\/Notfall-1-624x416.jpg 624w\" sizes=\"auto, (max-width: 292px) 100vw, 292px\" \/><\/figure><\/div>\n\n\n\n<p><\/p>\n\n\n\n<p>Meine Leistungen werden weder von den gesetzlichen Krankenkassen noch von den privaten Krankenversicherungen \u00fcbernommen. Ihre Vorteile sind:<\/p>\n\n\n\n<ul class=\"wp-block-list\"><li>Sie behalten Ihre vollst\u00e4ndige Entscheidungshoheit.<br>Die Beratung wird nicht \u00fcber die Krankenkasse dokumentiert.<br>F\u00fcr Ihren beruflichen Terminkalender passend auch kurzfristige Termine am Abend.<br>In einer akuten Krisensituationen erhalten Sie Unterst\u00fctzung, w\u00e4hrend Sie auf einen Therapieplatz warten.<\/li><\/ul>\n<\/div><\/div>\n","protected":false},"excerpt":{"rendered":"<p>Einzelberatung:60 Minuten \/ 70 Euro90 Minuten \/ 100 Euro Paarberatung:60 Minuten \/ 80 Euro90 Minuten \/ 110 Euro Die erste Sitzung kostet f\u00fcr Paare 80 Euro\/ 90 Minuten. Sie dient dem Kennenlernen, Abgleichen von W\u00fcnschen, Arbeitsmethoden und Zielsetzungen. Oftmals dauern die Sitzungen vor allem am Anfang 75-90 Minuten. Bitte bringen Sie den jeweiligen Betrag bar [&hellip;]<\/p>\n","protected":false},"author":2,"featured_media":0,"parent":0,"menu_order":0,"comment_status":"closed","ping_status":"open","template":"","meta":{"footnotes":""},"class_list":["post-47","page","type-page","status-publish","hentry"],"_links":{"self":[{"href":"https:\/\/baumer-paarberatung.de\/index.php?rest_route=\/wp\/v2\/pages\/47","targetHints":{"allow":["GET"]}}],"collection":[{"href":"https:\/\/baumer-paarberatung.de\/index.php?rest_route=\/wp\/v2\/pages"}],"about":[{"href":"https:\/\/baumer-paarberatung.de\/index.php?rest_route=\/wp\/v2\/types\/page"}],"author":[{"embeddable":true,"href":"https:\/\/baumer-paarberatung.de\/index.php?rest_route=\/wp\/v2\/users\/2"}],"replies":[{"embeddable":true,"href":"https:\/\/baumer-paarberatung.de\/index.php?rest_route=%2Fwp%2Fv2%2Fcomments&post=47"}],"version-history":[{"count":42,"href":"https:\/\/baumer-paarberatung.de\/index.php?rest_route=\/wp\/v2\/pages\/47\/revisions"}],"predecessor-version":[{"id":1036,"href":"https:\/\/baumer-paarberatung.de\/index.php?rest_route=\/wp\/v2\/pages\/47\/revisions\/1036"}],"wp:attachment":[{"href":"https:\/\/baumer-paarberatung.de\/index.php?rest_route=%2Fwp%2Fv2%2Fmedia&parent=47"}],"curies":[{"name":"wp","href":"https:\/\/api.w.org\/{rel}","templated":true}]}}