{"id":629,"date":"2019-11-30T22:33:20","date_gmt":"2019-11-30T22:33:20","guid":{"rendered":"http:\/\/baumer-paarberatung.de\/?page_id=629"},"modified":"2019-11-30T22:44:20","modified_gmt":"2019-11-30T22:44:20","slug":"grundbeduerfnisse","status":"publish","type":"page","link":"https:\/\/baumer-paarberatung.de\/?page_id=629","title":{"rendered":"Grundbed\u00fcrfnisse"},"content":{"rendered":"\n<p>Beratung und Therapie hat auch immer mit psychologischen Grundbed\u00fcrfnissen zu tun. Klaus Grave entwickelte die &#8222;Konsistenztheorie&#8220;, die erkl\u00e4rt, welche Grundbed\u00fcrfnisse eines Menschen erf\u00fcllt sein m\u00fcssen, damit er sich wohlf\u00fchlen und gut entwickeln kann. <br>1. Orientierung und Kontrolle<br>2. Bindung<br>3. Selbstwerterh\u00f6hung und -schutz<br>4. Lustgewinn und Unlustvermeidung<br><br>Dies erkl\u00e4rt auch, wieso Menschen in der Interaktion bzw. in Partnerschaften darauf ausgerichtet sind, diese Bed\u00fcrfnisse zu befriedigen oder sie zu sch\u00fctzen. Gelingt dies, so ist er motiviert, eine Partnerschaft weiter zu leben bzw. erf\u00e4hrt Wohlbefinden und psychische wie physische St\u00e4rkung. <\/p>\n\n\n\n<p><\/p>\n\n\n\n<p><\/p>\n\n\n\n<div class=\"wp-block-image\"><figure class=\"aligncenter size-large is-resized\"><img loading=\"lazy\" decoding=\"async\" src=\"http:\/\/baumer-paarberatung.de\/wp-content\/uploads\/2019\/11\/YogaPaar.jpg\" alt=\"\" class=\"wp-image-635\" width=\"407\" height=\"611\" srcset=\"https:\/\/baumer-paarberatung.de\/wp-content\/uploads\/2019\/11\/YogaPaar.jpg 320w, https:\/\/baumer-paarberatung.de\/wp-content\/uploads\/2019\/11\/YogaPaar-200x300.jpg 200w\" sizes=\"auto, (max-width: 407px) 100vw, 407px\" \/><\/figure><\/div>\n","protected":false},"excerpt":{"rendered":"<p>Beratung und Therapie hat auch immer mit psychologischen Grundbed\u00fcrfnissen zu tun. Klaus Grave entwickelte die &#8222;Konsistenztheorie&#8220;, die erkl\u00e4rt, welche Grundbed\u00fcrfnisse eines Menschen erf\u00fcllt sein m\u00fcssen, damit er sich wohlf\u00fchlen und gut entwickeln kann. 1. Orientierung und Kontrolle2. Bindung3. Selbstwerterh\u00f6hung und -schutz4. Lustgewinn und Unlustvermeidung Dies erkl\u00e4rt auch, wieso Menschen in der Interaktion bzw. in Partnerschaften [&hellip;]<\/p>\n","protected":false},"author":2,"featured_media":0,"parent":0,"menu_order":0,"comment_status":"closed","ping_status":"closed","template":"","meta":{"footnotes":""},"class_list":["post-629","page","type-page","status-publish","hentry"],"_links":{"self":[{"href":"https:\/\/baumer-paarberatung.de\/index.php?rest_route=\/wp\/v2\/pages\/629","targetHints":{"allow":["GET"]}}],"collection":[{"href":"https:\/\/baumer-paarberatung.de\/index.php?rest_route=\/wp\/v2\/pages"}],"about":[{"href":"https:\/\/baumer-paarberatung.de\/index.php?rest_route=\/wp\/v2\/types\/page"}],"author":[{"embeddable":true,"href":"https:\/\/baumer-paarberatung.de\/index.php?rest_route=\/wp\/v2\/users\/2"}],"replies":[{"embeddable":true,"href":"https:\/\/baumer-paarberatung.de\/index.php?rest_route=%2Fwp%2Fv2%2Fcomments&post=629"}],"version-history":[{"count":4,"href":"https:\/\/baumer-paarberatung.de\/index.php?rest_route=\/wp\/v2\/pages\/629\/revisions"}],"predecessor-version":[{"id":637,"href":"https:\/\/baumer-paarberatung.de\/index.php?rest_route=\/wp\/v2\/pages\/629\/revisions\/637"}],"wp:attachment":[{"href":"https:\/\/baumer-paarberatung.de\/index.php?rest_route=%2Fwp%2Fv2%2Fmedia&parent=629"}],"curies":[{"name":"wp","href":"https:\/\/api.w.org\/{rel}","templated":true}]}}