{"id":706,"date":"2020-05-29T16:55:37","date_gmt":"2020-05-29T16:55:37","guid":{"rendered":"https:\/\/baumer-paarberatung.de\/?page_id=706"},"modified":"2021-07-04T09:04:15","modified_gmt":"2021-07-04T09:04:15","slug":"706-2","status":"publish","type":"page","link":"https:\/\/baumer-paarberatung.de\/?page_id=706","title":{"rendered":""},"content":{"rendered":"\n<h1 class=\"wp-block-heading\">\u00dcber mich<\/h1>\n\n\n\n<figure class=\"wp-block-gallery columns-2 wp-block-gallery-1 is-layout-flex wp-block-gallery-is-layout-flex\"><ul class=\"blocks-gallery-grid\"><li class=\"blocks-gallery-item\"><figure><img loading=\"lazy\" decoding=\"async\" width=\"300\" height=\"225\" src=\"https:\/\/baumer-paarberatung.de\/wp-content\/uploads\/2020\/05\/P4290193-300x225-1.jpg\" alt=\"\" data-id=\"709\" data-full-url=\"https:\/\/baumer-paarberatung.de\/wp-content\/uploads\/2020\/05\/P4290193-300x225-1.jpg\" data-link=\"https:\/\/baumer-paarberatung.de\/?attachment_id=709\" class=\"wp-image-709\"\/><\/figure><\/li><li class=\"blocks-gallery-item\"><figure><img loading=\"lazy\" decoding=\"async\" width=\"199\" height=\"100\" src=\"https:\/\/baumer-paarberatung.de\/wp-content\/uploads\/2015\/04\/GSB.jpg\" alt=\"\" data-id=\"235\" data-full-url=\"https:\/\/baumer-paarberatung.de\/wp-content\/uploads\/2015\/04\/GSB.jpg\" data-link=\"https:\/\/baumer-paarberatung.de\/?attachment_id=235\" class=\"wp-image-235\"\/><\/figure><\/li><\/ul><\/figure>\n\n\n\n<div class=\"wp-block-group alignwide is-layout-flow wp-block-group-is-layout-flow\"><div class=\"wp-block-group__inner-container\"><\/div><\/div>\n\n\n\n<p><strong>Katja Baumer<\/strong><\/p>\n\n\n\n<p>Jahrgang 1972<br>2 Kinder<\/p>\n\n\n\n<p><strong>Aus- und Weiterbildungen<\/strong><\/p>\n\n\n\n<ul class=\"wp-block-list\"><li>systemische Beraterin und Therapeutin (3-j\u00e4hrige Ausbildung, GSB)<\/li><li>hypnosystemische Ausbildung (1 Jahr, Anne M\u00fcller)<\/li><li>systemische Paar- und Sexualberatung (1 Jahr)<\/li><li>Traum(a)sensible Paarberatung nach Dr. Klees, Aufwind-Institut<\/li><li>systemische Traumatherapie (1 Jahr)<\/li><li>psychodynamische imaginative Traumatherapie (PITT- L. Reddemann)<\/li><li>Traumap\u00e4dagogik (Universit\u00e4tsklinikum Ulm)<\/li><li>k\u00f6rperorientierte Traumatherapie (SEI &#8211; Entwicklungstrauma, Dami Charf)<\/li><li>Trauerbegleitung f\u00fcr fr\u00fch verwaiste Eltern (Dr. Franziska Offermann)<\/li><li>Entspannungsmethoden (Progressive Muskelentspannung, Autogenes Training, Trancen u. a. Deutsches Institut f\u00fcr Entspannungstechniken und Kommunikation T\u00fcbingen), Achtsamkeitsverfahren nach Kabath-Zinn (Omega-Institut Karlsruhe)<\/li><li>Verhaltenstherapie, Organisationsberatung, Psychodrama (systemisches Institut Karlsruhe)<\/li><li>Mental- und Kompetenztraining (HIM\/HKT-Heidelberger)<\/li><li>systemische P\u00e4dagogik, Braingym (Monika Drinda)<\/li><li>personenzentrierte Gespr\u00e4chsf\u00fchrung (Odenwald-Institut)<\/li><li>Gespr\u00e4chstechniken im Konfliktmanagement (ProGramm)<\/li><li>Enneagramm (Sonja Saad Coaching)<\/li><\/ul>\n\n\n\n<p><strong>Beruf und Leben<\/strong><\/p>\n\n\n\n<ul class=\"wp-block-list\"><li>P\u00e4dagogisches Studium am KIT (Karlsruher Institut f\u00fcr Technologie)<\/li><li>Mehrere Auslandsaufenthalte\/Praktika: Schweden, Guatemala und England<\/li><li>Referentin am systemischen Institut in Karlsruhe&nbsp;<a href=\"http:\/\/www.systemiker.de\/\">(sys-TEM)<\/a><\/li><li>Referentin an p\u00e4dagogischen Einrichtungen (KIT, Regierungspr\u00e4sidium, Sport- und Gymnastikschule Karlsruhe, Kultusministerium)<\/li><li>Schulung von Gleichstellungsbeauftragten<\/li><li>Leiterin von Supervisionen<\/li><li>Ehemalige Leistungssportlerin<\/li><li>Naturliebhaberin<\/li><li>Autorin (Carl Auer-Verlag, p\u00e4dagogische Zeitschriften, Beitr\u00e4ge f\u00fcr das Internet z. B. <a href=\"http:\/\/www.ratgeber-lifestyle.de\">\u201eRatgeber Lifestyle\u201c<\/a>)<\/li><\/ul>\n\n\n\n<div class=\"wp-block-group\"><div class=\"wp-block-group__inner-container is-layout-flow wp-block-group-is-layout-flow\">\n<div class=\"wp-block-group\"><div class=\"wp-block-group__inner-container is-layout-flow wp-block-group-is-layout-flow\">\n<figure class=\"wp-block-gallery columns-1 is-cropped wp-block-gallery-2 is-layout-flex wp-block-gallery-is-layout-flex\"><ul class=\"blocks-gallery-grid\"><li class=\"blocks-gallery-item\"><figure><img loading=\"lazy\" decoding=\"async\" width=\"416\" height=\"110\" src=\"https:\/\/baumer-paarberatung.de\/wp-content\/uploads\/2020\/11\/CarlAuerVerlag-1.jpg\" alt=\"\" data-id=\"853\" data-full-url=\"https:\/\/baumer-paarberatung.de\/wp-content\/uploads\/2020\/11\/CarlAuerVerlag-1.jpg\" data-link=\"https:\/\/baumer-paarberatung.de\/?attachment_id=853\" class=\"wp-image-853\" srcset=\"https:\/\/baumer-paarberatung.de\/wp-content\/uploads\/2020\/11\/CarlAuerVerlag-1.jpg 416w, https:\/\/baumer-paarberatung.de\/wp-content\/uploads\/2020\/11\/CarlAuerVerlag-1-300x79.jpg 300w\" sizes=\"auto, (max-width: 416px) 100vw, 416px\" \/><\/figure><\/li><\/ul><\/figure>\n\n\n\n<figure class=\"wp-block-image size-medium\"><img loading=\"lazy\" decoding=\"async\" width=\"300\" height=\"176\" src=\"https:\/\/baumer-paarberatung.de\/wp-content\/uploads\/2020\/11\/FotoLifestyle-2-300x176.jpg\" alt=\"\" class=\"wp-image-855\" srcset=\"https:\/\/baumer-paarberatung.de\/wp-content\/uploads\/2020\/11\/FotoLifestyle-2-300x176.jpg 300w, https:\/\/baumer-paarberatung.de\/wp-content\/uploads\/2020\/11\/FotoLifestyle-2.jpg 310w\" sizes=\"auto, (max-width: 300px) 100vw, 300px\" \/><\/figure>\n<\/div><\/div>\n<\/div><\/div>\n\n\n\n<p><\/p>\n\n\n\n<p><strong>Was k\u00f6nnen Sie von mir in Beratungen, Vortr\u00e4gen und Seminaren erwarten?<\/strong><\/p>\n\n\n\n<p>Mich pr\u00e4gt eine fachlich fundierte, teilnehmerbezogene, herzliche und mutige Arbeitsweise, die authentisch und praxisbezogen ist. Aufgrund meiner zahlreichen Aus- und Fortbildungen kombiniere ich verschiedene Ans\u00e4tze und Methode und mir ist es wichtig, Ihnen ein Gef\u00fchl von Sicherheit in der Beratung zu vermitteln.<\/p>\n\n\n\n<p><\/p>\n\n\n\n<div class=\"wp-block-image\"><figure class=\"aligncenter size-large is-resized\"><img loading=\"lazy\" decoding=\"async\" src=\"https:\/\/baumer-paarberatung.de\/wp-content\/uploads\/2020\/09\/Paarb.jpg\" alt=\"\" class=\"wp-image-777\" width=\"502\" height=\"360\" srcset=\"https:\/\/baumer-paarberatung.de\/wp-content\/uploads\/2020\/09\/Paarb.jpg 428w, https:\/\/baumer-paarberatung.de\/wp-content\/uploads\/2020\/09\/Paarb-300x215.jpg 300w\" sizes=\"auto, (max-width: 502px) 100vw, 502px\" \/><\/figure><\/div>\n","protected":false},"excerpt":{"rendered":"<p>\u00dcber mich Katja Baumer Jahrgang 19722 Kinder Aus- und Weiterbildungen systemische Beraterin und Therapeutin (3-j\u00e4hrige Ausbildung, GSB) hypnosystemische Ausbildung (1 Jahr, Anne M\u00fcller) systemische Paar- und Sexualberatung (1 Jahr) Traum(a)sensible Paarberatung nach Dr. Klees, Aufwind-Institut systemische Traumatherapie (1 Jahr) psychodynamische imaginative Traumatherapie (PITT- L. Reddemann) Traumap\u00e4dagogik (Universit\u00e4tsklinikum Ulm) k\u00f6rperorientierte Traumatherapie (SEI &#8211; Entwicklungstrauma, Dami Charf) [&hellip;]<\/p>\n","protected":false},"author":2,"featured_media":0,"parent":0,"menu_order":0,"comment_status":"closed","ping_status":"closed","template":"","meta":{"footnotes":""},"class_list":["post-706","page","type-page","status-publish","hentry"],"_links":{"self":[{"href":"https:\/\/baumer-paarberatung.de\/index.php?rest_route=\/wp\/v2\/pages\/706","targetHints":{"allow":["GET"]}}],"collection":[{"href":"https:\/\/baumer-paarberatung.de\/index.php?rest_route=\/wp\/v2\/pages"}],"about":[{"href":"https:\/\/baumer-paarberatung.de\/index.php?rest_route=\/wp\/v2\/types\/page"}],"author":[{"embeddable":true,"href":"https:\/\/baumer-paarberatung.de\/index.php?rest_route=\/wp\/v2\/users\/2"}],"replies":[{"embeddable":true,"href":"https:\/\/baumer-paarberatung.de\/index.php?rest_route=%2Fwp%2Fv2%2Fcomments&post=706"}],"version-history":[{"count":29,"href":"https:\/\/baumer-paarberatung.de\/index.php?rest_route=\/wp\/v2\/pages\/706\/revisions"}],"predecessor-version":[{"id":1044,"href":"https:\/\/baumer-paarberatung.de\/index.php?rest_route=\/wp\/v2\/pages\/706\/revisions\/1044"}],"wp:attachment":[{"href":"https:\/\/baumer-paarberatung.de\/index.php?rest_route=%2Fwp%2Fv2%2Fmedia&parent=706"}],"curies":[{"name":"wp","href":"https:\/\/api.w.org\/{rel}","templated":true}]}}